{"id":17,"date":"2020-06-08T13:56:41","date_gmt":"2020-06-08T13:56:41","guid":{"rendered":"http:\/\/giliyoga-mg.de\/?page_id=17"},"modified":"2020-06-08T15:00:57","modified_gmt":"2020-06-08T15:00:57","slug":"training","status":"publish","type":"page","link":"https:\/\/giliyoga-mg.de\/?page_id=17","title":{"rendered":"Training"},"content":{"rendered":"\n<p>Die vielf\u00e4ltigen \u00dcbungen des Yogas bieten Dir die M\u00f6glichkeit, Deine Beweglichkeit, Deine Kraft, Deine Ausdauer und Deine Balance nachhaltig und gesund zu f\u00f6rdern. Die einzigartige Kombination aus Asanas (K\u00f6rper\u00fcbungen), Pranayama (Atem\u00fcbungen) und Meditation (geistigen \u00dcbungen) lassen Deine Gedanken zur Ruhe kommen und Dich neue Energie tanken.<\/p>\n\n\n\n<p>Ich biete, neben Gruppenkursen, individuelle Einzel- und auch Partnertrainings an, bei denen ich intensiv auf besondere Bed\u00fcrfnisse eingehen kann. In Gespr\u00e4ch und Training erarbeite ich individuell abgestimmte Trainingspl\u00e4ne, die der sukzessiven Steigerung der eigenen Physis und der Heilung und Vorbeugung k\u00f6rperlicher St\u00f6rungen dienen.<br>Einzel- und Partnertrainings k\u00f6nnen wir in meinem Studio oder bei Euch zu Hause durchf\u00fchren.<\/p>\n","protected":false},"excerpt":{"rendered":"<p>Die vielf\u00e4ltigen \u00dcbungen des Yogas bieten Dir die M\u00f6glichkeit, Deine Beweglichkeit, Deine Kraft, Deine Ausdauer und Deine Balance nachhaltig und gesund zu f\u00f6rdern. Die einzigartige Kombination aus Asanas (K\u00f6rper\u00fcbungen), Pranayama (Atem\u00fcbungen) und Meditation (geistigen \u00dcbungen) lassen Deine Gedanken zur Ruhe kommen und Dich neue Energie tanken. Ich biete, neben Gruppenkursen, individuelle Einzel- und auch Partnertrainings &hellip; <\/p>\n<p class=\"link-more\"><a href=\"https:\/\/giliyoga-mg.de\/?page_id=17\" class=\"more-link\"><span class=\"screen-reader-text\">\u201eTraining\u201c <\/span>weiterlesen<\/a><\/p>\n","protected":false},"author":1,"featured_media":0,"parent":0,"menu_order":0,"comment_status":"closed","ping_status":"open","template":"","meta":{"footnotes":""},"class_list":["post-17","page","type-page","status-publish","hentry"],"_links":{"self":[{"href":"https:\/\/giliyoga-mg.de\/index.php?rest_route=\/wp\/v2\/pages\/17","targetHints":{"allow":["GET"]}}],"collection":[{"href":"https:\/\/giliyoga-mg.de\/index.php?rest_route=\/wp\/v2\/pages"}],"about":[{"href":"https:\/\/giliyoga-mg.de\/index.php?rest_route=\/wp\/v2\/types\/page"}],"author":[{"embeddable":true,"href":"https:\/\/giliyoga-mg.de\/index.php?rest_route=\/wp\/v2\/users\/1"}],"replies":[{"embeddable":true,"href":"https:\/\/giliyoga-mg.de\/index.php?rest_route=%2Fwp%2Fv2%2Fcomments&post=17"}],"version-history":[{"count":2,"href":"https:\/\/giliyoga-mg.de\/index.php?rest_route=\/wp\/v2\/pages\/17\/revisions"}],"predecessor-version":[{"id":61,"href":"https:\/\/giliyoga-mg.de\/index.php?rest_route=\/wp\/v2\/pages\/17\/revisions\/61"}],"wp:attachment":[{"href":"https:\/\/giliyoga-mg.de\/index.php?rest_route=%2Fwp%2Fv2%2Fmedia&parent=17"}],"curies":[{"name":"wp","href":"https:\/\/api.w.org\/{rel}","templated":true}]}}